99 - -105 - (-1 + 1)) + -3.
3
Evaluate 5 - (3 - (7 - 10)).
-1
Evaluate (9 - 11) + (2 - 2) + 7.
5
What is the value of 6 + -1 + (8 - 22 - -3)?
-6
What is the value of 4 + (-4 + 1 - (-7 + 3))?
5
-2 + 2 - 0 - (26 - 21)
-5
1 + (-4 - -3) + (-3 - -1)
-2
Evaluate -2 + (5 - 0 - -3).
6
What is -2 + (-1 - -1) + 3 + -6?
-5
4 + -3 - (3 + (1 - 4))
1
What is the value of 18 - 17 - (-1 - 3)?
5
0 - (7 + (-3 - 6))
2
(-1 + -1 - -3) + (-5 - 0)
-4
What is 4 + -5 - (-2 - -4)?
-3
What is -6 - (-7 - 8) - (7 - 2)?
4
What is the value of 3 - (2 - (0 + 1 - 6))?
-4
Calculate (5 - 6) + -3 + 3.
-1
Calculate (-10 - -6 - -3) + 5.
4
What is -14 + 4 + 5 - -7?
2
2 + -6 + (5 - 1)
0
(-1 - -3) + (-3 - 1)
-2
Evaluate 8 + 0 + -34 - -15.
-11
What is 5 + (2 - 2) + -10 - -5?
0
What is 33 + -21 - (16 - 0)?
-4
Calculate (5 + -1 + -3 - 6) + 4.
-1
What is the value of (-36 - -40 - (1 + -1)) + -5?
-1
What is 0 + 4 - (1 + -8 - -9)?
2
Calculate 0 + (-1 + (0 - 2) - 1).
-4
Evaluate -115 + 115 + (-1 - -4).
3
Evaluate -3 + 4 + -5 - -7 - -3.
6
Evaluate (3 - 11) + -1 + -1 + 2.
-8
Calculate 3 + 6 + -8 - -1.
2
-34 - -43 - (2 - (1 - 2))
6
What is the value of (-6 - -3) + (15 - 9)?
3
8 + -1 + 0 - (90 + -86)
3
What is the value of 0 - (8 - (6 + -2) - 10)?
6
Evaluate -2 + 0 + (-14 - -16).
0
12 - 22 - (-4 - 2)
-4
What is 6 - (-2 + 3 + 10)?
-5
Calculate 3 + -5 - ((3 - 2) + -5).
2
Calculate 3 + (-1 - (-4 + 3) - 0).
3
What is the value of -7 + (0 - -13 - 6)?
0
What is 0 + 2 + 3 - 9?
-4
Evaluate 3 + -1 - (3 + (-2 - -2)).
-1
What is the value of (59 - 63) + (1 + 0 - 1)?
-4
What is -7 + (1 + -3 - -3) + 15?
9
Calculate 16 + (-12 - 5) + 6.
5
Calculate 6 - (6 - (7 - 4) - -3).
0
What is the value of -2 + 0 + (-3 + 1 - 0)?
-4
4 + (1 - 2) - (-3 + 1)
5
What is 3 + (-2 - (2 - 4))?
3
What is the value of -8 + 1 + (9 - 4) + 5?
3
What is the value of (5 - (6 + -6)) + -9 + 5?
1
What is the value of 5 + -2 + 1 + 0 + 1?
5
What is 2 + -2 + (-21 - -24) - -5?
8
What is 3 + -5 + 2 - (-1 + -1)?
2
What is -3 + (4 - (6 - (7 + -3)))?
-1
What is the value of -1 + 5 + 5 + (-6 - 2)?
1
What is -3 - (-1 - 0) - 0?
-2
Calculate (1 + 11 - 0) + -7.
5
Calculate -2 + (-3 + -1 - (-2 + 0)).
-4
What is the value of 253 + -253 - (7 - (-1 + 0))?
-8
What is 3 + -8 - (-2 + -3)?
0
Evaluate 6 + -3 - (12 + (-20 - -11)).
0
What is the value of -2 + 8 + -2 + -2?
2
-3 + 0 - (-7 + 1) - -1
4
Calculate (11 - 21) + 10 + 2 + 0.
2
Calculate -1 - (-1 + 1) - (-6 - -3).
2
Evaluate -1 + -2 + (0 - -4) + 1.
2
Calculate 0 + (8 - (1 + -1)).
8
Calculate 5 + -14 + 5 - -7.
3
What is the value of (-3 - (3 + -4)) + -3?
-5
-1 - 3 - (-9 + 4 + 3)
-2
What is 12 - 17 - (0 + -7) - 0?
2
Evaluate -13 - (-2 + 0 + -3 + -3).
-5
(4 + 0 - 0) + -1 + 6
9
-4 - (-5 - -2 - 3 - 2)
4
Evaluate -6 - -4 - (-6 + 9).
-5
-46 - -44 - (-5 - 3 - 1)
7
Calculate 3 - (-2 + (11 - 7)).
1
What is 4 + 6 + -6 + -1?
3
What is the value of (3 - 3) + -2 + -1?
-3
What is the value of 2 + (4 - (-7 + (12 - -1)))?
0
Evaluate -12 + 11 + (-1 - 1).
-3
What is the value of (0 - (4 + -9)) + -2?
3
Evaluate -4 + -1 - (-3 + -1).
-1
What is (3 + -4 + 4 - 7) + -4?
-8
What is the value of (-2 - -8) + -6 - 6 - 0?
-6
What is 0 + 0 + 5 - 2?
3
What is the value of 4 + -1 - (3 + 1 - 3)?
2
-5 - 0 - ((2 - 3) + -2)
-2
Evaluate -2 + 0 + 3 + -11 + 12.
2
0 + -4 - (3 + -3 + 1)
-5
5 + -1 - (1 - -2)
1
What is (11 - 6) + 1 + -7?
-1
-72 + 74 - (1 + 9)
-8
What is -4 + 11 + (-11 - -3)?
-1
What is the value of 5 - (1 + 2 - (-1 - -2))?
3
Calculate -6 + (0 + -6 - -8).
-4
What is the value of (-3 - 1) + -4 + 12?
4
What is the value of (5 - -4) + -5 + (1 - 3)?
2
What is the value of -2 + (2 - (-3 - -1))?
2
Calculate -6 - (2 - (6 - (-5 - -6))).
-3
Evaluate -3 + (4 - 7 - -7) + -1.
0
What is the value of 1 + (-1 - -4) + -6?
-2
What is -7 + -3 + 6 - (-4 + 0)?
0
Evaluate 0 - (-2 - (-3 + 3 + -7)).
-5
-8 - (6 + -7 + -5)
-2
What is the value of -154 + 159 + (1 - 0)?
6
What is (1 - (3 + 3)) + -6 + 6?
-5
What is (3 - (2 - 2)) + (-2 - 1)?
0
Evaluate 6 + (-12 - -12) - 10.
-4
Evaluate 3 - -3 - 5 - -5 - -1.
7
Evaluate 2 - (-2 + 3 + -1).
2
Evaluate ((-1 - 5) + 4 - 2) + 7.
3
8 - (9 - 4) - 3
0
What is the value of 2 + (-6 - -15) - 15?
-4
Calculate (0 - 8) + 0 + 3.
-5
What is the value of -8 + -7 + 7 + 1 + -2?
-9
-5 - (-6 - (6 + -9))
-2
What is the value of -14 + 27 + (-5 - 1)?
7
Evaluate (1 - (1 - 1)) + 34 + -29.
6
Evaluate (0 - -12) + -4 - (7 + -3).
4
What is the value of 0 - (-1 + 7 - 4)?
-2
Evaluate 0 - (-2 - 2) - 0.
4
Calculate (-3 + 3 - 7) + 13.
6
3 - (-14 + 11 + 1 + -2)
7
What is the value of 0 + 11 + (-16 - -10)?
5
Calculate (2 + 0 - (-4 + 1)) + -2.
3
What is (-1 - 4) + 5 + -5 - -6?
1
What is the value of -9 - (1 + -8 - -3)?
-5
-1 + 9 - (-47 - -51)
4
What is the value of 4 - (-5 - -9) - 0 - 0?
0
What is the value of 0 + 8 - (-4 + 2 + 4)?
6
What is 0 + (-5 - 0) - (-3 - 0)?
-2
What is (1 - -2) + (5 - 3)?
5
What is 6 + (-10 - -13) + -6?
3
Calculate -14 + (20 - 11 - -5).
0
-2 + -3 + 1 + 0 + 8
4
Calculate 72 - 80 - (-1 - 3).
-4
What is the value of 0 - -7 - (-62 + 60) - 3?
6
Calculate -2 - (-3 + 2 + 1 + 1).
-3
What is the value of -3 - (-2 + 3 - (0 - 2))?
-6
Evaluate 5 + -2 + 2 + (-10 - -7).
2
Calculate -5 + (-5 - -7) + 1.
-2
Evaluate (14 + -5 - 4) + -6.
-1
3 - 16 - (2 - (5 + 4))
-6
(1 - 1) + (-11 + 5 - -2)
-4
What is -4 + (-17 - -8 - -7)?
-6
11 + 2 - (5 + 4)
4
Evaluate (-18 - -20 - 6) + (0 - -2).
-2
(6 - (8 + -4)) + (2 - 6)
-2
(1 - 4) + (-12 - -19) + -10
-6
What is the value of -2 + 3 + -6 + 3?
-2
What is -3 + (26 + -18 - (2 + 1))?
2
What is (11 + -1 - 11) + 2 + 0?
1
What is (-1 - 2 - 2 - -2) + -2?
-5
What is 3 + (23 - 23) + 0 + 0?
3
What is the value of 3 - (0 - -2) - (-24 + 26)?
-1
What is -12 + 23 + 2 - 19?
-6
What is the value of -3 - (3 + -4 + 2)?
-4
What is 26 - 26 - (-6 + -3 - -3)?
6
What is the value of 4 + (-2 - (5 + 0))?
-3
-4 - (3 - (5 + (-4 - 2)))
-8
What is 3 + (6 - 4) + -2 + -2?
1
Calculate -1 - (-2 + (1 - 3)).
3
-1 + -4 - (101 - 108)
2
What is (-29 - -31 - (-6 + 0)) + -1?
7
2 + -18 + 10 + (1 - -3)
-2
Evaluate (44 - 50) + 5 + (1 - 1).
-1
-6 - 2 - (-10 + -6)
8
What is (-6 - -8) + (-1 - 5)?
-4
Calculate (-2 - -1 - -3) + -1 - -2.
3
(67 - 63) + (-1 - 1) + -2
0
Evaluate -10 + 6 + -2 + 9 + 0.
3
What is the value of (7 - 6 - -6) + -5?
2
Calculate 0 + 3 - ((-1 - 3) + 11).
-4
What is the value of -1 + 18 - (4 - -7)?
6
2 + (-3 + -1 - -6)
4
-6 + 4 - (1 - (1 + -1))
-3
(-6 - (3 - 2)) + (43 - 45)
-9
Calculate 1 + -7 + (2 - 1).
-5
Calculate -1 - (11 + -14 + (0 - 7)).
9
What is -4 + (30 - 11 - 5)?
10
Calculate 5 - 7 - -4 - (10 - 0).
-8
What is -7 - (4 - (19 + -5 + 4))?
7
Evaluate (1 + -5 + 3 - -4) + -6.
-3
What is 0 - -10 - (0 - -5)?
5
What is the value of 18 + -1 + 12 + -18?
11
What is 5 + -2 + 3 - 4?
2
What is the value of -2 + 3 + (-8 - -4)?
-3
What is -4 + 5 + -3 + -1 + 2?
-1
What is the value of 10 - 5 - (2 + -1 - 0)?
4
Calculate -6 - (3 + -4) - (6 - 7).
-4
What is -3 + (5 - (7 - 4)) + 0?
-1
Calculate (-10 + 3 - -3) + 5.
1
Evaluate 7 + -3 + 0 - 2.
2
Calculate (-6 - -2) + -3 + -2 + 2.
-7
What is the value of (-1 - -5) + -3 + -1 + 1?
1
Calculate -14 + 1 - -17 - 12.
-8
What is (1 - 1 - -4) + 2 + -1?
5
Evaluate 0 + 0 - (-9 + 4) - 1.
4
Calculate -11 - -11 - 0 - (-1 + 0).
1
Calculate 4 - ((10 - 9) + -4).
7
Evaluate 3 - (-10 - -12) - (-1 + -6).
8
(1 - 2) + 1 - (-72 - -76)
-4
Calculate (-2 - -5 - (9 - 3)) + 4.
1
Calculate -1 + 4 + -2 + (-1 - -5).
5
What is -10 + 13 - ((2 - 1) + -2)?
4
What is 12 + 1 + -6 + -4?
3
What is the value of 6 - (11 + (6 - 13) + 4)?
-2
(2 - 1) + 2 + -7
-4
6 + (6 + 6 - 7)
11
1 + -2 + -3 + 2
-2
What is (9 - 8) + (-1 - -3) + -1?
2
(-1 - (-7 - -7)) + (1 - -6)
6
Calculate 1 - (5 - 0 - -1).
-5
What is the value of 1 + 4 + -3 + -1?
1
Calculate 1 + -6 + -1 + 11.
5
What is the value of (1 - 1) + (15 + -2 - 6)?
7
What is -11 - (-15 + -3 + 7 + 7)?
-7
What is the value of 3 + 3 + -3 + (-3 - -3)?
3
Evaluate (-1 - (-5 - 0)) + -4.
0
Evaluate 1 + 3 + (-9 - -4).
-1
Calculate -38 + 33 + 3 + -3.
-5
What is 4 + -8 - 0 - -9?
5
What is the value of (-16 - (-11 - -6)) + 4?
-7
Evaluate -7 + 1 - (5 - (11 - 6)).
-6
What is (12 - 13) + 0 + 2?
1
What is (0 + (1 - 0) - -2) + -8?
-5
(0 + 1 - 6) + 460 + -452
3
Calculate (1 - 10 - (14 + -12)) + 5.
-6
Calculate 9 - ((-7 - -2) + 13).
1
What is the value of 9 - ((3 - (2 + -6)) + -3)?
5
What is the value of (1 - (1 + -5)) + 